{"id":335,"date":"2021-04-29T21:20:22","date_gmt":"2021-04-29T21:20:22","guid":{"rendered":"http:\/\/ferien-in-kalifornien.de\/?page_id=335"},"modified":"2021-04-29T21:43:18","modified_gmt":"2021-04-29T21:43:18","slug":"datenschutzerklaerung","status":"publish","type":"page","link":"http:\/\/ferien-in-kalifornien.de\/?page_id=335","title":{"rendered":"Datenschutzerkl\u00e4rung"},"content":{"rendered":"<p>1. Name und Anschrift des f\u00fcr die Datenverarbeitung Verantwortlichen<\/p>\n<p>Verantwortlich im Sinne der DSGVO, weiterer in den Mitgliedstaaten der Europ\u00e4ischen Union geltenden Datenschutzgesetze und anderer Regelungen mit datenschutzrechtlichem Charakter ist:<\/p>\n<p>C. Moor<br \/>\nMeisenstr. 65<br \/>\n33607 Bielefeld<br \/>\nGermany<br \/>\nCell: +49 (0)179 7443235<br \/>\nE-Mail: flaschenpost@ferien-in-kalifornien.de<br \/>\nWebsite: www.ferien-in-kalifornien.de<\/p>\n<p>2. Sicherheit und Schutz Ihrer personenbezogenen Daten<\/p>\n<p>Wir betrachten es als unsere vorrangige Aufgabe, die Vertraulichkeit der von Ihnen bereitgestellten personenbezogenen Daten zu wahren und diese vor unbefugten Zugriffen zu sch\u00fctzen. Deshalb wenden wir \u00e4u\u00dferste Sorgfalt und modernste Sicherheitsstandards an, um einen maximalen Schutz Ihrer personenbezogenen Daten gem\u00e4\u00df der europ\u00e4ischen Datenschutzgrundverordnung (DSGVO) und den Regelungen des Bundesdatenschutzgesetzes (BDSG) zu gew\u00e4hrleisten.<\/p>\n<p>3. Erfassung von Informationen<\/p>\n<p>Beim Aufruf unserer Internetseite werden allgemeine Daten und Informationen erfasst und in den Logfiles des Servers gespeichert. Hierbei handelt es sich um die Informationen zu den verwendeten Browsertypen und Versionen, das Betriebssystem, die Internetseite, \u00fcber die man auf unsere Internetseite gelangt (Referrer), die Unterwebseiten, welche \u00fcber ein zugreifendes System auf unserer Internetseite angesteuert werden, das Datum und die Uhrzeit eines Zugriffs auf unsere Internetseite, die IP-Adresse, der Internet-Service-Provider des zugreifenden Systems und sonstige Daten und Informationen, die der Gefahrenabwehr im Falle von Angriffen auf unsere IT dienen.<\/p>\n<p>Bei der Nutzung dieser allgemeinen Daten und Informationen ziehen wir keine R\u00fcckschl\u00fcsse auf die Person, die die Internetseite aufgerufen hat. Wir ben\u00f6tigen diese lediglich, um die Inhalte unserer Internetseite richtig darzustellen, die Funktionsf\u00e4higkeit der IT und der Technik unserer Internetseite zu gew\u00e4hrleisten, im Falle von Angriffen auf unsere Internetseite diese Informationen den Strafverfolgungsbeh\u00f6rden zur Verf\u00fcgung zu stellen und die Werbung f\u00fcr die Internetseite zu optimieren. Diese anonym erhobenen personenbezogenen Daten werden von uns daher zu statistischen Zwecken ausgewertet, aber auch um den Datenschutz in unserem Unternehmen zu erh\u00f6hen. Server-Logfiles werden dar\u00fcber hinaus auch immer separat von personenbezogenen Daten, die uns von der jeweiligen Person mitgeteilt wurden, gespeichert.<\/p>\n<p>4. Kontakt \u00fcber unsere Internetseite<\/p>\n<p>Aufgrund gesetzlicher Vorschriften enth\u00e4lt unsere Internetseite Angaben, die eine schnelle, auch elektronische Kontaktaufnahme erm\u00f6glichen. Sofern uns eine E-Mail zugesandt oder mit uns \u00fcber ein Kontaktformular Kontakt aufgenommen wird, werden die von der jeweiligen Person \u00fcbermittelten personenbezogenen Daten automatisch gespeichert. Diese uns freiwillig \u00fcbermittelten pers\u00f6nlichen Daten werden f\u00fcr die Zwecke der Bearbeitung oder f\u00fcr die Kontaktaufnahme zu der jeweiligen Person gespeichert. Wir geben diese personenbezogenen Daten nicht an Dritte weiter.<\/p>\n<p>5. Betroffenenrechte<\/p>\n<p>Jede betroffene Person hat das Recht:<\/p>\n<p>\u25e6 von uns eine Best\u00e4tigung zu bekommen, ob von uns personenbezogene Daten der betroffenen Person verarbeitet werden;<\/p>\n<p>\u25e6 gem\u00e4\u00df Art. 15 DSGVO Auskunft \u00fcber diese von uns verarbeiteten personenbezogenen Daten und die folgenden Informationen zu verlangen:<\/p>\n<p>\u2192 Auskunft \u00fcber die Verarbeitungszwecke,<br \/>\n\u2192 die Kategorie der personenbezogenen Daten, die verarbeitet werden,<br \/>\n\u2192 die Kategorien von Empf\u00e4ngern, gegen\u00fcber denen die Daten offengelegt wurden oder werden, insbesondere bei Empf\u00e4ngern in Drittl\u00e4ndern oder bei internationalen Organisationen,<br \/>\n\u2192 falls m\u00f6glich, die geplante Speicherdauer, oder falls dies nicht m\u00f6glich ist, die Kriterien f\u00fcr die Festlegung der Dauer,<br \/>\n\u2192 das Bestehen eines Rechts auf Berichtigung, L\u00f6schung, Einschr\u00e4nkung der Verarbeitung oder Widerspruch gegen diese Verarbeitung,<br \/>\n\u2192 das Bestehen eines Beschwerderechts bei einer Aufsichtsbeh\u00f6rde,<br \/>\n\u2192 die Herkunft der Daten, sofern diese nicht bei uns erhoben wurden,<br \/>\n\u2192 \u00fcber das Bestehen einer automatisierten Entscheidungsfindung einschlie\u00dflich Profiling und ggf. aussagekr\u00e4ftigen Informationen \u00fcber die involvierte Logik sowie die Tragweite und die angestrebten Auswirkungen einer derartigen Verarbeitung f\u00fcr die betroffene Person,<br \/>\n\u2192 sowie die Daten an ein Drittland oder an eine international Organisation \u00fcbermittelt wurden und Auskunft \u00fcber geeignete Garantien im Zusammenhang mit der \u00dcbermittlung.<\/p>\n<p>\u25e6 gem\u00e4\u00df Art. 16 DSGVO unverz\u00fcglich die Berichtigung unrichtiger oder Vervollst\u00e4ndigung ihrer bei uns gespeicherten personenbezogenen Daten zu verlangen;<\/p>\n<p>\u25e6 gem\u00e4\u00df Art. 17 DSGVO die unverz\u00fcgliche L\u00f6schung der bei uns gespeicherten personenbezogenen Daten zu verlangen,<\/p>\n<p>\u2192 wenn die personenbezogenen Daten f\u00fcr die Zwecke, f\u00fcr die sie erhoben oder auf sonstige Weise verarbeitet wurden, nicht mehr notwendig sind,<br \/>\n\u2192 wenn die betroffene Person die Einwilligung widerruft, auf die sich die Verarbeitung st\u00fctzte und es an einer anderweitigen Rechtsgrundlage f\u00fcr die Verarbeitung fehlt,<br \/>\n\u2192 wenn die betroffene Person gem\u00e4\u00df Art. 21 Abs. 1 DSGVO Widerspruch gegen die Verarbeitung einlegt und es keine vorrangigen berechtigten Gr\u00fcnde f\u00fcr die Verarbeitung gibt oder die betroffene Person gem\u00e4\u00df Art. 21 Abs. 2 DSGVO Widerspruch einlegt,<br \/>\n\u2192 wenn die personenbezogenen Daten unrechtm\u00e4\u00dfig verarbeitet werden,<br \/>\n\u2192 wenn die L\u00f6schung der personenbezogenen Daten zur Erf\u00fcllung einer rechtlichen Verpflichtung nach dem Unionsrecht oder dem Recht der Mitgliedstaaten, dem wir unterliegen, erforderlich ist, oder<br \/>\n\u2192 wenn die personenbezogenen Daten in Bezug auf angebotene Dienste der Informationsgesellschaft gem\u00e4\u00df Art. 8 Abs. 1 DSGVO erhoben wurden,<\/p>\n<p>soweit nicht gem\u00e4\u00df Art. 17. Abs. 3 DSGVO die Verarbeitung der personenbezogenen Informationen zur Aus\u00fcbung des Rechts auf freie Meinungs\u00e4u\u00dferung und Information, zur Erf\u00fcllung einer rechtlichen Verpflichtung, aus Gr\u00fcnden des \u00f6ffentlichen Interesses oder zur Geltendmachung, Aus\u00fcbung oder Verteidigung von Rechtsanspr\u00fcchen erforderlich ist.<\/p>\n<p>Wenn wir zur L\u00f6schung der personenbezogenen Daten verpflichtet sind und die personenbezogenen Daten \u00f6ffentlich gemacht haben, so treffen wir unter Ber\u00fccksichtigung der verf\u00fcgbaren Technologie und der Implementierungskosten angemessene Ma\u00dfnahmen, auch technischer Art, um f\u00fcr die Datenverarbeitung Verantwortliche, die die personenbezogenen Daten verarbeiten, dar\u00fcber zu informieren, dass eine betroffene Person von uns die L\u00f6schung aller Links zu diesen personenbezogenen Daten oder von Kopien oder Replikationen dieser personenbezogenen Daten verlangt hat.<\/p>\n<p>\u25e6 gem\u00e4\u00df Art. 18 DSGVO die Einschr\u00e4nkung der Verarbeitung der personenbezogenen Daten zu verlangen,<\/p>\n<p>\u2192 wenn die Richtigkeit der personenbezogenen Daten von der betroffenen Person bestritten wird, und zwar f\u00fcr eine Dauer, die es uns erm\u00f6glicht, die Richtigkeit der personenbezogenen Daten zu \u00fcberpr\u00fcfen,<br \/>\n\u2192 wenn die Verarbeitung unrechtm\u00e4\u00dfig ist und die betroffene Person die L\u00f6schung der personenbezogenen Daten ablehnt und stattdessen die Einschr\u00e4nkung der Nutzung der personenbezogenen Daten verlangt,<br \/>\n\u2192 wenn wir die personenbezogenen Daten f\u00fcr die Zwecke der Verarbeitung nicht l\u00e4nger ben\u00f6tigen, die betroffene Person sie jedoch zur Geltendmachung, Aus\u00fcbung oder Verteidigung von Rechtsanspr\u00fcchen ben\u00f6tigt, oder<br \/>\n\u2192 wenn die betroffene Person Widerspruch gegen die Verarbeitung gem\u00e4\u00df Art. 21 Abs. 1 DSGVO eingelegt hat, solange noch nicht feststeht, ob berechtigte Gr\u00fcnde unsererseits gegen\u00fcber denen der betroffenen Person \u00fcberwiegen.<\/p>\n<p>Wenn die Verarbeitung eingeschr\u00e4nkt ist, d\u00fcrfen die personenbezogenen Daten \u2013 von ihrer Speicherung abgesehen \u2013 nur mit Einwilligung der betroffenen Person oder zur Geltendmachung, Aus\u00fcbung oder Verteidigung von Rechtsanspr\u00fcchen oder zum Schutz der Rechte einer anderen nat\u00fcrlichen oder juristischen Person oder aus Gr\u00fcnden eines wichtigen \u00f6ffentlichen Interesses der Union oder eines Mitgliedstaats verarbeitet werden.<\/p>\n<p>\u25e6 gem\u00e4\u00df Art. 20 DSGVO die sie betreffenden personenbezogenen Daten, die sie uns bereitgestellt hat, in einem strukturierten, g\u00e4ngigen und maschinenlesbaren Format zu erhalten, und sie hat das Recht, diese Daten einem anderen Verantwortlichen ohne Behinderung durch uns zu \u00fcbermitteln, sofern die Verarbeitung auf einer Einwilligung gem\u00e4\u00df Art. 6 Abs. 1 lit. a. DSGVO oder Art. 9 Abs. 2 lit. a DSGVO oder auf einem Vertrag gem\u00e4\u00df Art. 6 Abs. 1 lit b. DSGVO beruht und die Verarbeitung mithilfe automatisierter Verfahren erfolgt. Dies gilt nicht f\u00fcr Verarbeitungen, die f\u00fcr die Wahrnehmung einer Aufgabe erforderlich ist, die im \u00f6ffentlichen Interesse liegt oder in Aus\u00fcbung \u00f6ffentlicher Gewalt erfolgt, die uns \u00fcbertragen wurde. Bei der Aus\u00fcbung des Rechts auf Daten\u00fcbertragbarkeit hat die betroffene Person das Recht, zu erwirken, dass die personenbezogenen Daten direkt von uns einem anderen Verantwortlichen \u00fcbermittelt werden, soweit dies technisch m\u00f6glich ist.<\/p>\n<p>\u25e6 gem\u00e4\u00df Art. 21 DSGVO aus Gr\u00fcnden, die sich aus ihrer besonderen Situation ergeben, jederzeit gegen die Verarbeitung sie betreffender personenbezogener Daten, die aufgrund Art. 6 Abs. 1 lit. e oder f DSGVO erfolgt, Widerspruch einzulegen. Dies gilt auch f\u00fcr ein auf die Bestimmungen der DSGVO gest\u00fctztes Profiling. Wir verarbeiten die personenbezogenen Daten nicht mehr, es sei dann, wir k\u00f6nnen zwingende schutzw\u00fcrdige Gr\u00fcnde f\u00fcr die Verarbeitung nachweisen, die die Interessen, Rechte und Freiheiten der betroffenen Person \u00fcberwiegen, oder die Verarbeitung dient der Geltendmachung, Aus\u00fcbung oder Verteidigung von Rechtsanspr\u00fcchen. Werden personenbezogene Daten verarbeitet, um Direktwerbung zu betreiben, so hat die betroffene Person das Recht, jederzeit Widerspruch gegen die Verarbeitung sie betreffender personenbezogener Daten zum Zwecke derartiger Werbung einzulegen; dies gilt auch f\u00fcr das Profiling, soweit es mit solcher Direktwerbung in Verbindung steht. Im Falle eines Widerspruchs werden die personenbezogenen Daten nicht mehr f\u00fcr Direktwerbung von uns verarbeitet. Die betroffene Person hat das Recht, aus Gr\u00fcnden, die sich aus ihrer besonderen Situation ergeben, gegen die sie betreffende Verarbeitung sie betreffender personenbezogener Daten, die zu wissenschaftlichen oder historischen Forschungswecken oder zu statistischen Zwecken gem\u00e4\u00df Art. 89. Abs. 1 DSGVO erfolgt, Widerspruch einzulegen, es sei denn die Verarbeitung ist zur Erf\u00fcllung einer im \u00f6ffentlichen Interesse liegenden Aufgabe erforderlich. Die betroffene Person kann ihr Widerspruchsrecht mittels automatisierter Verfahren aus\u00fcben, bei denen technische Spezifikationen verwendet werden.<\/p>\n<p>\u25e6 gem\u00e4\u00df Art. 22 DSGVO nicht einer ausschlie\u00dflich auf einer automatisierten Verarbeitung \u2013 einschlie\u00dflich Profiling \u2013 beruhenden Entscheidung unterworfen zu werden, die ihr gegen\u00fcber rechtliche Wirkung entfaltet oder sie in \u00e4hnlicher Weise erheblich beeintr\u00e4chtigt. Dies gilt nicht, wenn die Entscheidung f\u00fcr den Abschluss oder die Erf\u00fcllung eines Vertrags zwischen der betroffenen Person und uns erforderlich ist, aufgrund von Rechtsvorschriften der Union oder Mitgliedstaaten, denen wir unterliegen, zul\u00e4ssig ist und diese Rechtsvorschrift angemessene Ma\u00dfnahmen zur Wahrung der Rechte und Freiheiten sowie der berechtigten Interessen der betroffenen Person enthalten oder dies mit ausdr\u00fccklicher Einwilligung der betroffenen Person erfolgt. Ist die Entscheidung f\u00fcr den Abschluss oder Erf\u00fcllung eines Vertrages oder erfolgt diese mit ausdr\u00fccklicher Einwilligung der betroffenen Person, treffen wir angemessene Ma\u00dfnahmen, um die Rechte und Freiheiten sowie berechtigten Interessen der betroffenen Person zu wahren, wozu mindestens das Recht auf Erwirkung des Eingreifens einer Person von unser Seite, auf Darlegung des eigenen Standpunkts und auf Anfechtung der Entscheidung geh\u00f6rt.<\/p>\n<p>\u25e6 gem\u00e4\u00df Art. 7 Abs. 3 DSGVO die einmal erteilte Einwilligung zur Verarbeitung personenbezogener Daten jederzeit zu widerrufen.<\/p>\n<p>\u25e6 gem\u00e4\u00df Art. 77 DSGVO sich bei einer Aufsichtsbeh\u00f6rde zu beschweren.<\/p>\n<p>Bitte setzen Sie sich in allen Fragen hinsichtlich der Ihnen zustehenden Rechte oder der Inanspruchnahme der vorstehenden Rechte mit uns in Verbindung.<\/p>\n<p>6. Rechtsgrundlage der Verarbeitung<\/p>\n<p>Rechtsgrundlage f\u00fcr die Verarbeitung personenbezogener Daten, f\u00fcr die wir eine Einwilligung einholen, ist Art 6. Abs. 1 lit. a DSGVO. Bei der Verarbeitung f\u00fcr die Erf\u00fcllung eines Vertrages, dessen Vertragspartei die betroffene Person ist, ist die Rechtsgrundlage Art. 6 Abs. 1 lit. b DSGVO. Dies gilt auch f\u00fcr Verarbeitungsvorg\u00e4nge vorvertraglicher Ma\u00dfnahmen, d.h. Anfragen zu unseren Produkten und Leistungen. Die Verarbeitung personenbezogener Daten aufgrund rechtlicher Verpflichtungen, z.B. der Erf\u00fcllung steuerlicher Pflichten beruht auf Art. 6 Abs. 1 lit c DSGVO Bei der Verarbeitung personenbezogener Daten, die im \u00f6ffentlichen Interesse liegt, ist die Rechtsgrundlage Art. 6 Abs. 1 lit e DSGVO. Bei der Verarbeitung personenbezogener Daten, die zur Wahrung berechtigter Interessen unsererseits erforderlich sind, ist dies Art. 6 Abs. 1 lit. f DSGVO, sofern nicht die Interessen oder Grundrechte und Grundfreiheiten der betroffenen Person, die den Schutz der personenbezogenen Daten erfordern, \u00fcberwiegen.<\/p>\n<p>7. Dauer der Speicherung und L\u00f6schung von personenbezogenen Daten<\/p>\n<p>Wir speichern personenbezogene Daten nur f\u00fcr den Zeitraum, der zur Erreichung des Speicherzwecks erforderlich ist oder sofern wir gesetzlich hierzu verpflichtet sind. Entf\u00e4llt der Speicherzweck oder l\u00e4uft eine gesetzliche Speicherfrist oder eine Speicherfrist einer Anwendung findenden Richtlinie oder Verordnung aus, so werden die personenbezogenen Daten routinem\u00e4\u00dfig gel\u00f6scht.<\/p>\n<p>8. Automatisierte Entscheidungsfindung und Profiling<\/p>\n<p>Wir verzichten auf eine automatische Entscheidungsfindung oder ein Profiling.<\/p>\n<p>9. Cookies <\/p>\n<p>Unsere Internetseite verwendet Cookies. Cookies sind Textdateien, welche \u00fcber einen Browser auf einem Computer abgelegt und gespeichert werden. Zahlreiche Cookies enthalten eine sogenannte Cookie-ID. Eine Cookie-ID ist eine eindeutige Kennung des Cookies. Sie besteht aus einer Zeichenfolge, durch welche Internetseiten und Server dem konkreten Browser zugeordnet werden k\u00f6nnen, in dem das Cookie gespeichert wurde. Ein bestimmter Browser kann \u00fcber die Cookie-ID von anderen unterschieden, wiedererkannt und identifiziert werden.<\/p>\n<p>Durch den Einsatz von Cookies wir unserer Internetseite nutzerfreundlicher gestalten, die ohne die Cookie-Setzung nicht m\u00f6glich w\u00e4ren, weil die Informationen und Angebote auf unserer Internetseite im Sinne der Benutzer optimiert werden. Beispielsweise m\u00fcssen nicht bei jedem Besuch der Internetseite erneut Zugangsdaten eingeben werden, weil dies von der Internetseite und dem auf dem Computer des Benutzers abgelegten Cookie \u00fcbernommen wird. Ein weiteres Beispiel ist das Cookie eines Warenkorbes im Online-Shop. Der Online-Shop merkt sich die Artikel, die ein Kunde in den virtuellen Warenkorb gelegt hat, \u00fcber ein Cookie. Sie k\u00f6nnen die Setzung von Cookies durch unsere Internetseite jederzeit mittels einer entsprechenden Einstellung des genutzten Internetbrowsers verhindern und damit der Setzung von Cookies dauerhaft widersprechen. Ferner k\u00f6nnen bereits gesetzte Cookies jederzeit \u00fcber den Internetbrowser oder andere Softwareprogramme gel\u00f6scht werden. Dies ist in allen g\u00e4ngigen Internetbrowsern m\u00f6glich. Wenn die Setzung von Cookies deaktiviert ist, sind unter Umst\u00e4nden nicht alle Funktionen unserer Internetseite vollumf\u00e4nglich nutzbar.<\/p>\n<p>10. Einsatz und Verwendung von Google Analytics mit Anonymisierungsfunktion<\/p>\n<p>Wir haben auf unserer Internetseite Google Analytics integriert, einen Analysedienst der Google LLC, 1600 Amphitheatre Pkwy Mountain View, California 94043, USA. Google LLC verwendet Cookies und analysiert, von welcher Internetseite unserer Internetseite besucht wurde, welche unserer Unterseiten besucht wurden und wie hoch die Verweildauer war. Die durch das Cookie erzeugten Informationen werden in der Regel an einen Server von Google LLC in den USA \u00fcbertragen und dort gespeichert. Google LLC ist unter dem Privacy-Shield-Abkommen zertifiziert und garantiert damit die Einhaltung des europ\u00e4ischen Datenschutzrechts (https:\/\/www.privacyshield.gov\/participant?id=a2zt000000001L5AAI&#038;status=Active). Google LLC wertet in unserem Auftrag die Nutzung unserer Onlineangebots aus, dabei k\u00f6nnen pseudonyme Nutzungsprofile erstellt werden. Google Analytics wird von uns nur mit aktivierter IP-Anonymisierung eingesetzt. Die IP-Adresse der Nutzer wird von Google LLC innerhalb von Mitgliedstaaten der Europ\u00e4ischen Union oder in anderen Vertragsstaaten des Abkommens \u00fcber den Europ\u00e4ischen Wirtschaftsraum gek\u00fcrzt. Nur in Ausnahmef\u00e4llen wird die volle IP-Adresse an einen Server von Google LLC in den USA \u00fcbertragen und dort gek\u00fcrzt. Die IP-Adresse wird nicht mit anderen Daten von Google zusammengef\u00fchrt. Die Speicherung der Cookies kann durch eine entsprechende Einstellung des Internetbrowsers verhindert werden. Weiter kann die Erfassung und Verarbeitung dieser Daten durch ein Internetbrowser-Add-On verhindert werden, dass hier verf\u00fcgbar ist: http:\/\/tools.google.com\/dlpage\/gaoptout?hl=de. Weitere Informationen und die Datenschutzbestimmungen von Google LLC sowie Einstellungs- und Widerspruchsm\u00f6glichkeiten, finden Sie hier https:\/\/policies.google.com\/privacy?hl=de&#038;gl=de sowie https:\/\/policies.google.com\/privacy?hl=de&#038;gl=de<\/p>\n<p>11. Kommentare<\/p>\n<p>Sofern die Website die M\u00f6glichkeit bietet, Kommentare zu einzelnen Beitr\u00e4gen zu hinterlassen, werden bestimmte Informationen gespeichert. Gespeichert wird hierbei die IP- Adresse des Verfassers bzw. des Anschlussinhabers. Diese Speicherung dient dazu, dass der jeweilige Kommentar m\u00f6glicherweise Rechte Dritter betrifft bzw. widerrechtliche Inhalte beinhaltet. Da u.U. dadurch Rechtsverletzungen auftreten, besteht ein Eigeninteresse an den gespeicherten Daten. Eine Weitergabe an Dritte erfolgt selbstverst\u00e4ndlich nicht. Eine Ausnahme bildet hier u.U. der Gesetzgeber.<\/p>\n<p>12. Abruf von Kommentaren<\/p>\n<p>Sofern die M\u00f6glichkeit zum Abruf von Kommentaren von Beitr\u00e4gen besteht und Sie sich f\u00fcr ein Abonnement entscheiden, wird anhand einer Best\u00e4tigungs-Mail \u00fcberpr\u00fcft, ob Sie der rechtm\u00e4\u00dfige Inhaber der angegebenen E-Mail-Adresse sind. Das Abonnement kann jederzeit wieder abbestellt werden. Weitere Informationen stehen in der Best\u00e4tigungsmail. Eine Weitergabe Ihrer Daten an Dritte erfolgt nicht.<\/p>\n<p>13. Verlinkung fremder Angebote und externe Dienste<\/p>\n<p>Wir verweisen auf unseren Webseiten auch auf Websites anderer Anbieter, wenn wir Sie auf deren Inhalte aufmerksam machen m\u00f6chten. Beim Aufruf solcher Fremdangebote haben wir keinen Einfluss darauf, wie der Anbieter mit Ihren Daten umgeht. F\u00fcr die Verwendung und Bearbeitung Ihrer Daten gilt die Datenschutzerkl\u00e4rung des jeweiligen Anbieters.<\/p>\n<p>14. Fotos<\/p>\n<p>Die verwendeten Bilder auf der Webseite stammen aus dem eigenen Bestand, aus kostenpflichtigen Quellen, f\u00fcr die wir eine Nutzungsgeb\u00fchr entrichtet haben, oder werden uns von den Fotografen unentgeltlich zur Verf\u00fcgung gestellt. Die Bilder sind mit einem Quellenvermerk jeweils entsprechend gekennzeichnet.<\/p>\n<p>Grunds\u00e4tzlich werden Fotos oder Videos von Personen, die im Rahmen von Veranstaltungen oder Aktionen ver\u00f6ffentlicht werden, von uns ordnungsgem\u00e4\u00df auf die Ausnahmen des KunstUrhG \u00a722 und \u00a723 gepr\u00fcft. Sollten Sie dennoch mit einer Ver\u00f6ffentlichung eines Fotos auf der Webseite nicht einverstanden sein, teilen Sie uns dies unter der Adresse flaschenpost@ferien-in-kalifornien.de mit. Wir werden die Sachlage umgehend pr\u00fcfen.<\/p>\n<p>15. Kinder<\/p>\n<p>Unser Angebot richtet sich grunds\u00e4tzlich an Erwachsene. Personen unter 18 Jahren sollten ohne Zustimmung der Eltern oder Erziehungsberechtigten keine personenbezogenen Daten an uns \u00fcbermitteln.<\/p>\n<p>16. Widerspruch Werbe-Mails<\/p>\n<p>Der Nutzung von im Rahmen der Impressumspflicht ver\u00f6ffentlichten Kontaktdaten zur \u00dcbersendung von nicht ausdr\u00fccklich angeforderter Werbung und Informationsmaterialien wird hiermit widersprochen. Die Betreiber der Seiten behalten sich ausdr\u00fccklich rechtliche Schritte im Falle der unverlangten Zusendung von Werbeinformationen, etwa durch Spam-E-Mails, vor.<\/p>\n","protected":false},"excerpt":{"rendered":"<p class=\"excerpt\">1. Name und Anschrift des f\u00fcr die Datenverarbeitung Verantwortlichen Verantwortlich im Sinne der DSGVO, weiterer in den Mitgliedstaaten der Europ\u00e4ischen Union geltenden Datenschutzgesetze und anderer Regelungen mit datenschutzrechtlichem Charakter ist: C. Moor Meisenstr. 65 33607 Bielefeld Germany Cell: +49 (0)179 7443235 E-Mail: flaschenpost@ferien-in-kalifornien.de Website: www.ferien-in-kalifornien.de 2. Sicherheit und Schutz Ihrer personenbezogenen Daten Wir betrachten es [&hellip;]<\/p>\n","protected":false},"author":3,"featured_media":0,"parent":0,"menu_order":0,"comment_status":"closed","ping_status":"closed","template":"","meta":[],"_links":{"self":[{"href":"http:\/\/ferien-in-kalifornien.de\/index.php?rest_route=\/wp\/v2\/pages\/335"}],"collection":[{"href":"http:\/\/ferien-in-kalifornien.de\/index.php?rest_route=\/wp\/v2\/pages"}],"about":[{"href":"http:\/\/ferien-in-kalifornien.de\/index.php?rest_route=\/wp\/v2\/types\/page"}],"author":[{"embeddable":true,"href":"http:\/\/ferien-in-kalifornien.de\/index.php?rest_route=\/wp\/v2\/users\/3"}],"replies":[{"embeddable":true,"href":"http:\/\/ferien-in-kalifornien.de\/index.php?rest_route=%2Fwp%2Fv2%2Fcomments&post=335"}],"version-history":[{"count":2,"href":"http:\/\/ferien-in-kalifornien.de\/index.php?rest_route=\/wp\/v2\/pages\/335\/revisions"}],"predecessor-version":[{"id":375,"href":"http:\/\/ferien-in-kalifornien.de\/index.php?rest_route=\/wp\/v2\/pages\/335\/revisions\/375"}],"wp:attachment":[{"href":"http:\/\/ferien-in-kalifornien.de\/index.php?rest_route=%2Fwp%2Fv2%2Fmedia&parent=335"}],"curies":[{"name":"wp","href":"https:\/\/api.w.org\/{rel}","templated":true}]}}