{"id":345,"date":"2021-04-29T21:21:56","date_gmt":"2021-04-29T21:21:56","guid":{"rendered":"http:\/\/ferien-in-kalifornien.de\/?page_id=345"},"modified":"2021-04-29T21:21:56","modified_gmt":"2021-04-29T21:21:56","slug":"ostsee","status":"publish","type":"page","link":"http:\/\/ferien-in-kalifornien.de\/?page_id=345","title":{"rendered":"Ostsee"},"content":{"rendered":"<p>Natur oder Kultur, per Pedes oder auf zwei R\u00e4dern, zu Land oder Wasser, Kinder oder Best Ager:<br \/>\nIn und um Sch\u00f6nberg-Holm findet jeder das passende Angebot.<\/p>\n<p>Wir haben hier einige Links f\u00fcr Sie zusammengetragen.<br \/>\nWeitere Informationen finden Sie auf der <a href=\"http:\/\/www.schoenberg.de\" target=\"_blank\" rel=\"noopener\">Website<\/a> des Tourist-Service Ostseebad Sch\u00f6nberg.<br \/>\nGerne stehen wir Ihnen mit Rat und Tat zur Seite!<\/p>\n<p><a href=\"http:\/\/www.kindheitsmuseum.de\/\" target=\"_blank\" rel=\"noopener\">Kindheitsmuseum<\/a><br \/>\n<a href=\"http:\/\/www.vvm-museumsbahn.de\/ix\/ix-start\/ix-start.php?id=200\" target=\"_blank\" rel=\"noopener\">Museumsbahnen<\/a><br \/>\n<a href=\"http:\/\/www.probstei-museum.de\/\" target=\"_blank\" rel=\"noopener\">Probsteimuseum<\/a><br \/>\n<a href=\"http:\/\/www.schoenberg.de\/strandkorbvermietung.html\" target=\"_blank\" rel=\"noopener\">Strandkorbvermietung<\/a><br \/>\n<a href=\"http:\/\/www.shmf.de\" target=\"_blank\" rel=\"noopener\">Schleswig-Holstein Musikfestival<\/a><br \/>\n<a href=\"http:\/\/www.jazzbaltica.de\" target=\"_blank\" rel=\"noopener\">Jazzbaltica<\/a><br \/>\n<a href=\"http:\/\/www.Kieler-Woche.de\" target=\"_blank\" rel=\"noopener\">Kieler Woche<\/a><br \/>\n<a href=\"http:\/\/www.muehle-krokau.de\/\" target=\"_blank\" rel=\"noopener\">Krokauer M\u00fchle<\/a><br \/>\n<a href=\"http:\/\/www.straussenfarm-ostseeblick.de\/\" target=\"_blank\" rel=\"noopener\">Straussenfarm<\/a><br \/>\n<a href=\"http:\/\/www.eselundlandspielhof.de\/\" target=\"_blank\" rel=\"noopener\">Eselpark<\/a><br \/>\n<a href=\"http:\/\/www.wildpark-schwentinental.de\/\" target=\"_blank\" rel=\"noopener\">Wildpark Schwentinental<\/a><br \/>\n<a href=\"http:\/\/www.wendtorf-ostsee.de\/index.php?id=57&#038;L=0\" target=\"_blank\" rel=\"noopener\">Kinderabenteuerland Wendtorf<\/a><br \/>\n<a href=\"http:\/\/www.irrgarten.biz\/\" target=\"_blank\" rel=\"noopener\">Irrgarten<\/a><\/p>\n","protected":false},"excerpt":{"rendered":"<p class=\"excerpt\">Natur oder Kultur, per Pedes oder auf zwei R\u00e4dern, zu Land oder Wasser, Kinder oder Best Ager: In und um Sch\u00f6nberg-Holm findet jeder das passende Angebot. Wir haben hier einige Links f\u00fcr Sie zusammengetragen. Weitere Informationen finden Sie auf der Website des Tourist-Service Ostseebad Sch\u00f6nberg. Gerne stehen wir Ihnen mit Rat und Tat zur Seite! [&hellip;]<\/p>\n","protected":false},"author":3,"featured_media":0,"parent":0,"menu_order":0,"comment_status":"closed","ping_status":"closed","template":"","meta":[],"_links":{"self":[{"href":"http:\/\/ferien-in-kalifornien.de\/index.php?rest_route=\/wp\/v2\/pages\/345"}],"collection":[{"href":"http:\/\/ferien-in-kalifornien.de\/index.php?rest_route=\/wp\/v2\/pages"}],"about":[{"href":"http:\/\/ferien-in-kalifornien.de\/index.php?rest_route=\/wp\/v2\/types\/page"}],"author":[{"embeddable":true,"href":"http:\/\/ferien-in-kalifornien.de\/index.php?rest_route=\/wp\/v2\/users\/3"}],"replies":[{"embeddable":true,"href":"http:\/\/ferien-in-kalifornien.de\/index.php?rest_route=%2Fwp%2Fv2%2Fcomments&post=345"}],"version-history":[{"count":1,"href":"http:\/\/ferien-in-kalifornien.de\/index.php?rest_route=\/wp\/v2\/pages\/345\/revisions"}],"predecessor-version":[{"id":346,"href":"http:\/\/ferien-in-kalifornien.de\/index.php?rest_route=\/wp\/v2\/pages\/345\/revisions\/346"}],"wp:attachment":[{"href":"http:\/\/ferien-in-kalifornien.de\/index.php?rest_route=%2Fwp%2Fv2%2Fmedia&parent=345"}],"curies":[{"name":"wp","href":"https:\/\/api.w.org\/{rel}","templated":true}]}}