{"id":351,"date":"2021-04-29T21:23:12","date_gmt":"2021-04-29T21:23:12","guid":{"rendered":"http:\/\/ferien-in-kalifornien.de\/?page_id=351"},"modified":"2021-04-29T21:23:12","modified_gmt":"2021-04-29T21:23:12","slug":"informationen","status":"publish","type":"page","link":"http:\/\/ferien-in-kalifornien.de\/?page_id=351","title":{"rendered":"Informationen"},"content":{"rendered":"<p><strong>Anreise<\/strong> zwischen 15:00 und 17:00 Uhr<br \/>\n<strong>Abreise<\/strong> zwischen 07:00 und 10:00 Uhr<\/p>\n<p>Es handelt sich um <strong>Nichtraucher<\/strong>-Apartments.<\/p>\n<p>Kleine <strong>Hunde<\/strong> nach Anfrage erlaubt<\/p>\n<p><strong>Mindestmietzeit:<\/strong> 5-7 Tage \/ 4-6 N\u00e4chte je nach Saison<\/p>\n<p><strong>Bettw\u00e4sche<\/strong> und <strong>Handt\u00fccher<\/strong> sind nicht im Preis inbegriffen, k\u00f6nnen optional hinzugebucht werden.<br \/>\nZur Grundausstattung geh\u00f6ren 2 Geschirrhandt\u00fccher, Schwamm, Lappen, Geschirrsp\u00fclmittel.<\/p>\n<p>Die <strong>Kurtaxe\/Ostseecard<\/strong> kostet in der Vor- bzw. Nachsaison (15.03. \u2013 30.04. und 01.10. \u2013 31.10.) 1,10 \u20ac, in der Hauptsaison 2,50 \u20ac. Kinder und Jugendliche bis 18 Jahre sind kostenfrei.<\/p>\n<p>Der Tourismus-Service Sch\u00f6nberger Strand nimmt Vorbestellungen f\u00fcr einen <strong>Strandkorb<\/strong> gerne unter Tel. 04344-41410 entgegen.<\/p>\n","protected":false},"excerpt":{"rendered":"<p class=\"excerpt\">Anreise zwischen 15:00 und 17:00 Uhr Abreise zwischen 07:00 und 10:00 Uhr Es handelt sich um Nichtraucher-Apartments. Kleine Hunde nach Anfrage erlaubt Mindestmietzeit: 5-7 Tage \/ 4-6 N\u00e4chte je nach Saison Bettw\u00e4sche und Handt\u00fccher sind nicht im Preis inbegriffen, k\u00f6nnen optional hinzugebucht werden. Zur Grundausstattung geh\u00f6ren 2 Geschirrhandt\u00fccher, Schwamm, Lappen, Geschirrsp\u00fclmittel. Die Kurtaxe\/Ostseecard kostet in [&hellip;]<\/p>\n","protected":false},"author":3,"featured_media":0,"parent":0,"menu_order":0,"comment_status":"closed","ping_status":"closed","template":"","meta":[],"_links":{"self":[{"href":"http:\/\/ferien-in-kalifornien.de\/index.php?rest_route=\/wp\/v2\/pages\/351"}],"collection":[{"href":"http:\/\/ferien-in-kalifornien.de\/index.php?rest_route=\/wp\/v2\/pages"}],"about":[{"href":"http:\/\/ferien-in-kalifornien.de\/index.php?rest_route=\/wp\/v2\/types\/page"}],"author":[{"embeddable":true,"href":"http:\/\/ferien-in-kalifornien.de\/index.php?rest_route=\/wp\/v2\/users\/3"}],"replies":[{"embeddable":true,"href":"http:\/\/ferien-in-kalifornien.de\/index.php?rest_route=%2Fwp%2Fv2%2Fcomments&post=351"}],"version-history":[{"count":2,"href":"http:\/\/ferien-in-kalifornien.de\/index.php?rest_route=\/wp\/v2\/pages\/351\/revisions"}],"predecessor-version":[{"id":388,"href":"http:\/\/ferien-in-kalifornien.de\/index.php?rest_route=\/wp\/v2\/pages\/351\/revisions\/388"}],"wp:attachment":[{"href":"http:\/\/ferien-in-kalifornien.de\/index.php?rest_route=%2Fwp%2Fv2%2Fmedia&parent=351"}],"curies":[{"name":"wp","href":"https:\/\/api.w.org\/{rel}","templated":true}]}}